 0*w = -h. Suppose f + 4*q - 1 = 0, 6*f - 4*f - w = -5*q. Is f a composite number?
False
Suppose 2*m - 2*u = -6, 2 = -2*m - 2*m - u. Let y = -2 + m. Is 1/(2*y/(-78)) composite?
False
Is 557 - (-1)/3*0 a prime number?
True
Let b = -14 + 11. Let c be (0 - b)*15/9. Suppose -6 = -3*p - 2*v, 4 = -0*p + 2*p - c*v. Is p a composite number?
False
Is (506/8 - 0)*4 prime?
False
Let q(g) = -292*g + 9. Is q(-7) composite?
False
Let t = -251 - -884. Suppose -m + 10 = 8. Suppose -t = -m*d - d. Is d a prime number?
True
Suppose -4*y - 1 = -5. Let z(r) = 36*r + 1. Is z(y) a prime number?
True
Let j = 5 - 13. Let s = 12 + j. Suppose -4*y - o + 207 = 0, -6*y + y + s*o + 243 = 0. Is y a composite number?
True
Suppose 0 = 2*o - s, 0 = -0*o + 3*o + 2*s. Let v be (1 - o)*(59 - 0). Let a = -24 + v. Is a a composite number?
True
Let b(a) = -a**2 + 5*a - 4. Let i be b(3). Let f = 7 - i. Suppose 0 = -10*t + f*t + 2*x + 20, 4*t - 4 = 4*x. Is t composite?
True
Suppose r = 1 - 4, 2*m + 447 = -3*r. Let o be 502/(-4) - 1/(-2). Let s = o - m. Is s prime?
False
Let d(g) = 2*g**3 - 7*g**2 + 6*g + 3. Let c be d(8). Suppose s - 4*s + c = 0. Is s a prime number?
False
Suppose 2*j - j = -2. Suppose 0*p = -4*p - 12. Is (-2)/p*(-57)/j a prime number?
True
Suppose -d = -4, 0*s - 3*d + 294 = 2*s. Is s a prime number?
False
Suppose 0 = -2*v - 8, -3*v - 192 = 2*w - 2*v. Let d = -156 - 29. Let m = w - d. Is m a composite number?
True
Suppose -3*j - 4*x + 7 = -21, 4*j = 5*x - 4. Suppose j*w - 64 = -0*w. Suppose 5*r = 4*u + w + 227, -3*u - 93 = -2*r. Is r a composite number?
True
Let j = 169 - -94. Is j a composite number?
False
Is ((-1042)/3)/(18/(-27)) prime?
True
Is ((-2588)/(-8) - 7)/((-6)/(-8)) a prime number?
False
Let y be 1*2/(-2) - -1. Suppose y = -6*d + d + 275. Is d composite?
True
Let h(k) = k**2 - 7. Let y be h(6). Let n = -3 + 7. Let q = y - n. Is q a prime number?
False
Let w = 292 - 129. Is w composite?
False
Suppose 3*b + 2*j - 13 = 0, -2*b + 6 = 3*j - 1. Suppose 5*l + y = -y + 263, 0 = 2*l - b*y - 111. Is l composite?
False
Suppose 0 = -4*u - 3*w + 38, 0 = -4*u + 5*w + 59 - 5. Is (u - 142)/(-2 - -1) a composite number?
False
Suppose 12 = 4*v, -5*d - v = -6*v + 40. Let l be -82 - (-1 - d)/2. Let r = -49 - l. Is r a composite number?
True
Suppose -3 = -j - 0*j. Suppose 415 = 3*q - v, 5*q - 4*v = j*q + 290. Suppose 4*f = -u + q, 3*u = -f + 11 + 15. Is f prime?
False
Let x(s) = s**2 - 8*s + 1. Let u(b) = b**2 - b - 1. Let d(w) = u(w) + x(w). Is d(-7) prime?
False
Suppose -44 = 4*a + 12. Is 7/(a/(-96)) + -2 a composite number?
True
Suppose -341 = -3*q + 94. Is q a prime number?
False
Let q = 2273 - 1296. Is q a prime number?
True
Let z(p) = 2*p**2 - 6*p - 3. Let n be z(4). Is (7698/30)/(1/n) a composite number?
False
Let a(z) = z**3 + z. Let d(q) = 2*q**3 - 7*q**2 + 5*q - 1. Let k(c) = -a(c) + d(c). Let g be k(5). Let v = g - -46. Is v a prime number?
False
Let f(o) = 16*o**2 + 3*o - 4. Is f(3) a prime number?
True
Is (3 - -1370)*(-4 + -1)*-1 prime?
False
Let g = 0 + -9. Let j(i) = -i**2 - 11*i + 5. Is j(g) a composite number?
False
Suppose 0*q - 8 = -2*q. Suppose f + 2*v + 10 = 0, 0 = -q*f + 7*f + v + 10. Is 36 + 3 + (f - -1) a composite number?
True
Let b = -208 - -91. Let m = 194 + b. Let v = -46 + m. Is v a composite number?
False
Let d = 121 + 99. Suppose 0 = 4*n + 5*k + 555, 2*k = -3*n - 3*k - 420. Let w = d + n. Is w prime?
False
Let w(a) = a**3 - 12*a**2 + 3*a - 2. Let s be w(8). Let k = s - -436. Suppose -71 - k = -3*q. Is q composite?
True
Let z = 50 + 48. Let m = 100 - 49. Let q = z - m. Is q a prime number?
True
Let b(k) = -k**3 + k + 8. Let i be b(0). Let y = -6 + i. Is y prime?
True
Suppose -h = -7*h + 6522. Is h a composite number?
False
Let k(z) = z**3 - 4*z**2 + 2*z - 4. Let s be k(4). Is 789*((-12)/(-9))/s a composite number?
False
Suppose 636 + 134 = 5*s. Let x = -79 + s. Let q = 121 - x. Is q a prime number?
False
Suppose 0 = 5*d - d + 4. Is d*(-32 + 2/(-1)) a composite number?
True
Suppose 145 = -5*b + 3300. Is b prime?
True
Let x = -946 + 546. Let b = -165 - x. Is b a composite number?
True
Let r = 0 + 0. Suppose -2*y = -5*y - 2*n + 8, -4*y + n + 18 = r. Suppose y*d + 152 = 8*d. Is d a prime number?
False
Suppose -3*f - 14 - 16 = -3*z, 0 = -5*z + 2*f + 38. Let c(t) = 3*t + 0*t - z*t + 4. Is c(-3) prime?
True
Let z = 310 + 199. Is z prime?
True
Suppose -6*k - 2*b + 5735 = -k, 0 = -4*k - 4*b + 4600. Suppose -l + 532 = 4*o - k, 3*l = -5*o + 2098. Is o composite?
False
Suppose -b + 6*b + g - 56 = 0, -4*b + 3*g = -60. Let k be 195/b - (-2)/(-8). Is (-1 - 0) + -5 + k composite?
True
Let l = -105 - -19. Let x = -51 - l. Is x a composite number?
True
Let r(n) = 3*n**3 - 3*n**2 - n + 4. Let q(s) = 9*s**3 - 8*s**2 - 3*s + 12. Let f(w) = -4*q(w) + 11*r(w). Is f(-3) prime?
False
Let w(i) be the first derivative of i**4/4 - i**3 + i**2 - 4*i - 2. Let q be w(3). Suppose 41 = 3*b + q. Is b a prime number?
True
Suppose -2*t - 139 = -s + 3*t, 4*t = 4*s - 524. Is s composite?
True
Let y(j) = 6*j**2 - 2*j + 6. Let l be y(-7). Suppose 0 = -2*n + l - 30. Is n prime?
False
Let q(v) = v**3 + 11*v**2 - 4*v - 11. Let f = -25 + 14. Is q(f) a prime number?
False
Suppose -2*h = -4*i + 526, -h + 541 = 4*i + 2*h. Is i a composite number?
True
Suppose 14 = n + n. Let t(x) = x - 3. Let v be t(n). Let i(d) = d**3 - 2*d**2 + 4*d - 2. Is i(v) composite?
True
Let r(n) = -n - 7. Let y be r(-10). Suppose -y*a = -13 - 29. Is a prime?
False
Let g be -5*(24/(-5) - -3). Let o(l) = -2*l**3 + 14*l**2 - 10*l + 6. Let r be o(g). Let k = -287 - r. Is k a composite number?
True
Let h = -18 + 95. Is h a prime number?
False
Let j(s) = -5*s - 6. Let w be j(8). Let b = 10 - w. Let o = b - -33. Is o a composite number?
False
Let u be ((-40)/25)/((-4)/10). Suppose 205 = 5*m - u*g, 0*m - 5*m + 3*g + 200 = 0. Is m prime?
True
Let a = -4 - 0. Let z(r) = 3*r + 2 - 6*r - 7 - 2*r. Is z(a) composite?
True
Let t(n) = -n**3 - 4*n**2 + 4*n - 2. Let p be t(-5). Suppose 0 = -4*c - 2*d - 136, d = 2*c + p*c + 156. Let o = -13 - c. Is o prime?
True
Suppose -6*r + 3273 + 9501 = 0. Is r a prime number?
True
Suppose b = -b + 4*q + 46, -73 = -5*b - 4*q. Let t = -11 + b. Is t composite?
True
Let y be (12/2)/(5 + -3). Suppose -3*w - v + 251 = -32, -186 = -2*w - 2*v. Suppose 3*t + w = 4*p, -y*t = -3*p + 2*p + 26. Is p a composite number?
False
Let s be (-4)/2 + (-4)/1. Let u(o) be the third derivative of -19*o**4/12 - 5*o**3/6 - 2*o**2. Is u(s) a prime number?
True
Let c(t) be the third derivative of -t**4/24 + 7*t**3/6 + 3*t**2. Is c(-6) composite?
False
Let z = 11 - 4. Suppose 60 = -3*h + z*h. Is h a prime number?
False
Let l = 18 - 37. Let t = 31 - -3. Let f = t - l. Is f prime?
True
Let o(i) be the second derivative of 2*i**5/5 - i**4/6 + i**3/2 - 3*i**2/2 - i. Suppose 9 - 1 = 4*s. Is o(s) prime?
True
Suppose -j - 4*j - 1475 = 0. Let i = -134 - j. Is i a prime number?
False
Let x(p) = p + 1. Let v be x(1). Suppose 638 = -0*d + v*d. Is d composite?
True
Suppose -5*l = -20, -2*z - 2*z + 72 = -3*l. Let r be (-4)/(3 - 1)*-1. Let u = z + r. Is u prime?
True
Let v = -7 + 11. Suppose -2*h + 0*f + 20 = v*f, f = 0. Is h a composite number?
True
Let m = 2506 + -833. Suppose -m = -4*n + 3*j, -j = -0 - 1. Is n prime?
True
Suppose -4*q = q + 5. Let t(f) = -2*f**3 - 2*f**2 + 1. Let b be t(q). Is 2 + (10 - b/1) composite?
False
Let x = 14 + -14. Suppose -4*r + x*r = -652. Is r composite?
False
Let o be (1 - 0)/((-2)/(-6)). Is ((-52)/(-8))/(o/78) a composite number?
True
Let r(d) = -6*d - 22*d - 10*d - 7 - d. Is r(-4) prime?
True
Let c be (2 - 6)*2/(-4). Is -2*c/((-12)/267) a prime number?
True
Suppose -368 = -r - 105. Is r composite?
False
Let n = 117 - -2. Is n prime?
False
Let o = 74 - -9. Is o prime?
True
Let h(t) be the first derivative of -t**2/2 - 8. Is h(-6) prime?
False
Suppose -o + 4*a + 103 = -24, -4*a + 539 = 5*o. Is o prime?
False
Let c(n) = 56*n**2 + n. Suppose 4*y + 3*r = -19, 0 = -y + 3*y + 4*r + 22. Let u(d) = d. Let w be u(y). Is c(w) composite?
True
Suppose 0 = -2*i + 3*i - 2. Suppose -3*h + 260 = 2*q, -i*h = -3*q - h + 401. Is q a composite number?
True
Let n = -2 - -5. Suppose -1 = 3*q - 2*m, 0 = n*q + 6*m - 3*m - 9. Is 2 + (14/q - 2) a prime number?
False
Suppose 0 = q - 3 + 5. Let z(r) be the first derivative of -